pose -p - 5 = -z*v. What is the units digit of v?
3
Let i(j) = -21*j + 15. What is the units digit of i(-2)?
7
Let a = 35 - 27. What is the units digit of a?
8
Suppose -f + 2 = -0. Suppose f*v = -3*v. Let n = 1 + v. What is the units digit of n?
1
What is the units digit of ((1/(-1))/1)/(4/(-116))?
9
Suppose 0 = 4*l + l - 75. Suppose -3*j + l = -3*p, 0 = -4*j + 3*p + 27 - 8. Suppose 3 = j*d - 25. What is the units digit of d?
7
Let x be 63/15 + 2/(-10). Suppose 3*k - 25 = -y, 10 = -2*y + x*k + 110. What is the tens digit of y?
4
Let t(j) = 3*j - 6. Let x = 3 - -2. What is the units digit of t(x)?
9
Suppose -5*z + 78 = -4*c + 3*c, 0 = 5*z - 5*c - 90. Let m be 2 + (z - 1) + -3. Suppose r + m = n - 3*r, -15 = -5*n - 5*r. What is the units digit of n?
5
What is the units digit of 4/((2/8)/1)?
6
Suppose -2*h = -0*s - s + 6, -2*h = -3*s + 10. Suppose 4*r - s*x + 18 = 5*r, 2*x - 74 = -5*r. What is the units digit of r?
4
Suppose -3*f = -2*o - 322, -5*o - 58 = -f + 45. Suppose b + f = 5*b. What is the tens digit of b?
2
Let x(d) = d**2 - 6*d + 5. Let i be x(6). Let q be (-18)/i*(1 + -6). Let a = -13 + q. What is the units digit of a?
5
What is the tens digit of 92/6 - -5*(-4)/(-30)?
1
Let i = -16 - -7. Let l = 3 - i. Suppose 4*f = l, 0*s - 5*s - 5*f = -45. What is the units digit of s?
6
Let h = 0 + 6. Let y = -2 + h. What is the units digit of y?
4
Suppose 2*q + 2*q = -8. What is the units digit of (5 + q)/(1/2)?
6
What is the tens digit of (-2 + (-20)/(-8))*92?
4
Suppose -l = -d + 2 + 5, 4*d - 30 = 5*l. Suppose d*p - 24 = 56. What is the tens digit of p?
1
Let t = 1 - -7. Suppose -z - 3*z + t = 0. What is the units digit of z?
2
Let h be -1 - (-2 + -4 + 3). Suppose 36 = 2*w - 5*u, 6*w + u = h*w + 50. What is the units digit of w?
3
Let f(i) = -3*i + 2. Suppose -4*a = 5*n - 17, -2*n - 2*n + 4 = 0. Suppose -2*s - a = -s. What is the tens digit of f(s)?
1
Suppose -i + f = -24 + 6, -4*f = -i + 33. What is the tens digit of i?
1
Suppose 0 = -4*s + c + 399, 10 = -0*c + 2*c. What is the tens digit of s?
0
Suppose -k - 1 = 0, 14 = 3*t - 4*k + 1. Suppose u + 6 = 3*s, t*u - u + 10 = 4*s. What is the units digit of s?
1
Suppose 4*m = 2*l + 1326, -4*m + 1331 = 2*l - 5*l. What is the hundreds digit of m?
3
Let s be ((-12)/(-3))/((-2)/(-1)). Let v = 3 + 1. Suppose -s*g = k - v, -g - 3 = 2*k - 17. What is the units digit of k?
8
Let m = 39 + -28. What is the units digit of m?
1
What is the units digit of -1*(-69 - (-4)/1)?
5
Suppose 4*u = -3*s + 305, 4*u - 2*u - 5*s = 185. What is the units digit of u?
0
Let u be (0 - 3)/((-6)/8). Suppose -u*w + 12 = -76. Suppose 0 = 4*t - w + 10. What is the units digit of t?
3
Let n = 186 - 118. Let o = -38 + n. Suppose 4*s = -s + o. What is the units digit of s?
6
Let c(i) = -2*i**3 - 1 + 2*i**2 - i + i**3 + 2. Let j(m) = -m**3 + m**2 + 3*m - 1. Let g be j(2). What is the units digit of c(g)?
1
Let p(o) = -o**3 - 6*o**2 - o - 5. What is the units digit of p(-6)?
1
What is the tens digit of (-1 - (-24 + 1))/2?
1
Let d be ((-1 - 2) + 2)*1. Let f(j) = 4*j**2 - 1. Let i be f(d). Suppose -7*n = -i*n - 16. What is the units digit of n?
4
Let a be 14/4 + (-1)/2. Suppose 1 + 5 = a*x. What is the units digit of x?
2
Let w be 76*(3 - (-14)/(-8)). Suppose 14 = s - w. Suppose -4*u = 5*b - s, -89 = -5*u + 5*b - 9. What is the units digit of u?
1
Suppose -9*b + 408 = -7*b. What is the units digit of b?
4
Let f(q) = q**2 + 2*q + 14. Suppose -5*i - 2*v = 0, i - 4*v + 2*v = 0. What is the tens digit of f(i)?
1
Suppose 5*q = 10 + 5. Suppose q*o - 5*o + 14 = 0. What is the units digit of o?
7
Suppose 0 = -4*i + 3*y - 3, -3*i - y = -2*i + 6. Let b = 2 - i. Suppose b*n + 0*h - 6 = -h, -n + h = -6. What is the units digit of n?
2
Suppose 5*t = -0*t + 65. What is the units digit of t?
3
Let m(y) = 8*y - 27. What is the units digit of m(12)?
9
Let w = 29 + -21. Let l = 13 - w. Suppose -l*a = 3*u - 50, -5*u + 4 = -5*a + 14. What is the units digit of a?
7
Let s(c) = -c**3 + 21*c**2 - 17*c - 7. What is the units digit of s(20)?
3
Let q be (-1 + 2)/((-1)/(-3)). Suppose a + q = -2. Let i(c) = -c**3 - 6*c**2 - 6*c + 1. What is the units digit of i(a)?
6
Suppose 2*n = j - 6 + 1, j = -5*n + 5. Suppose n = 5*k + 16 + 9. What is the units digit of (1 + 1 - k) + 0?
7
Let b(i) = i**3 + 7*i**2 - 5*i + 6. What is the tens digit of b(-5)?
8
Let g = 161 + -25. What is the hundreds digit of g?
1
Let b(j) = -j**3 - 2*j**2 + j - 4. What is the units digit of b(-3)?
2
Let n(j) = -j**3 - 2*j**2 + 13*j + 4. Let l be n(-5). Suppose -3*o + 7 = -l. What is the units digit of o?
7
What is the units digit of -125*(-4 + (-36)/(-10))?
0
Let c = -2 + 2. Suppose -5*v + 4*g = 33 - 3, v - 3*g + 17 = c. What is the units digit of 2/v*8/(-2)?
4
Let a be 3/(33/12 - 2). Let b = a + -1. What is the units digit of b?
3
Let k(y) = y**3 - 14*y**2 + 16*y. What is the units digit of k(13)?
9
Suppose -6*c = -0*c - 192. What is the tens digit of c?
3
Let r(i) = i**3 + 5*i**2 - 5*i - 9. Let p be r(-6). Let c be (-4)/10 - (-24)/p. What is the units digit of (-3)/(9/24*c)?
4
Suppose 2*r - 10 + 8 = 0. Let m(o) = -o**3 + 4*o**2 - 3*o + 3. Let v be m(3). Let g = v + r. What is the units digit of g?
4
Let r(y) = -y**2 - 26*y - 51. What is the units digit of r(-21)?
4
Let f(w) = w**3 + 10*w**2 + 4*w + 11. What is the hundreds digit of f(-8)?
1
Let w = 14 + -30. Let l = 27 + w. What is the units digit of l?
1
Let x be 3/((-4)/32*2). Let v = x - -43. What is the units digit of v?
1
Let s(j) = -2*j**3 + j**2 + 2*j + 1. Let h be s(-1). Let q = h - -6. What is the units digit of (-5)/((-2)/q + 0)?
0
Suppose 5*x + 85 = 5*q, 5*x - 7 = -q + x. Let s = -8 - -6. Let f = s + q. What is the tens digit of f?
1
What is the tens digit of (2 + (-108)/5)/(1/(-5))?
9
Suppose 4*g - 10 = g - 2*z, z = -3*g + 8. Suppose -11 = g*k - 37. What is the tens digit of k?
1
What is the tens digit of ((-5952)/(-42) - 5) + (-2)/(-7)?
3
Suppose 0 = -4*g - 3*r - 4, -4 = 4*g - r. Let f = -1 + g. What is the units digit of (15 - 1)/(-1 - f)?
4
Let r = -12 + 38. What is the tens digit of r?
2
Suppose -4*w + 27 = 11. Let t be 2/(-9) - 22/(-18). Let i = t + w. What is the units digit of i?
5
Suppose -14*y = -5*y - 909. What is the units digit of y?
1
Suppose -j + 2*m + 12 = 0, -2*j - 2*m = j - 4. Suppose -5*a = -2*r - 23, 3*r - 6*a + j*a + 7 = 0. What is the units digit of r?
1
Let h be 2*(4 + (-10)/4). Suppose -h*l = 15, -2*i - 4*l + 28 + 50 = 0. What is the tens digit of i?
4
What is the tens digit of (5/5 + 58)*7?
1
What is the tens digit of 338 - (-1 - 2) - 4?
3
Let h = 3 - 3. Suppose h = -t - t - 4. Let f = t - -8. What is the units digit of f?
6
Let r(x) = x + 3. Suppose 6 = -g - 3*b, -g + b + 2*b = 6. Let t = 0 - g. What is the units digit of r(t)?
9
Let x(k) = k**2 - 3*k + 3. Let n be x(3). What is the units digit of 32/12 + (-2)/n?
2
Let s(c) = 2*c - 15. Let m be s(10). Suppose -j + 11 = -d, m*d - 21 - 54 = -5*j. What is the units digit of j?
3
Let i(x) = x. Let b(f) = 5*f + 7. Let d(c) = -b(c) + 3*i(c). What is the units digit of d(-7)?
7
What is the tens digit of (2/(-2))/(((-10)/(-32))/(-5))?
1
Let i(b) = 3*b**2 + 3*b + 4. Let z be i(-4). Suppose 3*w = 6*w - 21. Suppose -w*n + z = -2*n. What is the units digit of n?
8
Suppose -306 = -140*x + 137*x. What is the hundreds digit of x?
1
Suppose 7*g - 4*d = 3*g - 32, 2*d - 4 = 0. What is the tens digit of 342/30 - g/10?
1
Suppose -3*l - 7 = 3*s - 1, 3*s + 2*l + 9 = 0. Let n = 15 + s. What is the units digit of n?
0
Suppose -3*b = f - 14, f - 2*b = -0 - 1. What is the units digit of f - (-3)/(1 + 0)?
8
Suppose -3*u + 6*u - 90 = 0. Suppose 0*v - 3*v + u = 0. Let n(q) = -q**2 + 10*q + 11. What is the tens digit of n(v)?
1
Let o(d) = -5*d + 1. What is the tens digit of o(-3)?
1
Let p(x) = x**3 + 25*x**2 - 27*x + 12. What is the tens digit of p(-26)?
3
Let u(d) = -6*d - 98. What is the units digit of u(-28)?
0
Suppose -2*m - m + 102 = 0. What is the units digit of m?
4
Suppose 5*t + 4*i = 173, 4*t + i = 5*i + 124. What is the tens digit of t?
3
Suppose 190 = 2*v + 3*v. Suppose -a + v = a. Suppose -a = -4*x + 17. What is the units digit of x?
9
Let q = -4 + 16. What is the tens digit of q?
1
Let u = -15 + 25. Suppose 2*x = x + u. What is the units digit of x?
0
Let p(x) = 25*x**3 + x 